der when 340868 is divided by 16?
4
What is the remainder when 10133 is divided by 534?
521
Calculate the remainder when 41325 is divided by 117.
24
What is the remainder when 42799 is divided by 724?
83
Calculate the remainder when 4465248 is divided by 125.
123
Calculate the remainder when 926020 is divided by 34.
30
Calculate the remainder when 4069 is divided by 10.
9
What is the remainder when 4578 is divided by 251?
60
What is the remainder when 43717 is divided by 10922?
29
What is the remainder when 24843 is divided by 565?
548
Calculate the remainder when 27310 is divided by 1020.
790
Calculate the remainder when 9223 is divided by 2268.
151
What is the remainder when 387 is divided by 138?
111
What is the remainder when 5612 is divided by 1183?
880
What is the remainder when 2222 is divided by 14?
10
Calculate the remainder when 15080 is divided by 33.
32
What is the remainder when 158412 is divided by 6336?
12
What is the remainder when 29879 is divided by 106?
93
Calculate the remainder when 9403 is divided by 2856.
835
Calculate the remainder when 52881 is divided by 339.
336
Calculate the remainder when 267177 is divided by 178.
177
Calculate the remainder when 50597 is divided by 25294.
9
What is the remainder when 87808 is divided by 64?
0
What is the remainder when 1201 is divided by 596?
9
Calculate the remainder when 86168 is divided by 556.
544
What is the remainder when 702772 is divided by 175688?
20
Calculate the remainder when 2485 is divided by 121.
65
What is the remainder when 15341 is divided by 28?
25
What is the remainder when 1453 is divided by 201?
46
What is the remainder when 24004 is divided by 320?
4
What is the remainder when 5667 is divided by 377?
12
Calculate the remainder when 8957 is divided by 117.
65
What is the remainder when 2561 is divided by 1843?
718
Calculate the remainder when 9420 is divided by 1330.
110
Calculate the remainder when 4060 is divided by 1337.
49
What is the remainder when 737865 is divided by 737857?
8
What is the remainder when 10882 is divided by 71?
19
Calculate the remainder when 7029 is divided by 35.
29
Calculate the remainder when 3102 is divided by 387.
6
What is the remainder when 33297 is divided by 254?
23
What is the remainder when 3118 is divided by 86?
22
Calculate the remainder when 71316 is divided by 631.
13
Calculate the remainder when 118619 is divided by 1412.
11
What is the remainder when 20728 is divided by 187?
158
What is the remainder when 1719 is divided by 72?
63
What is the remainder when 683 is divided by 256?
171
What is the remainder when 22303 is divided by 466?
401
Calculate the remainder when 278438 is divided by 301.
13
Calculate the remainder when 154022 is divided by 828.
14
What is the remainder when 1894 is divided by 683?
528
Calculate the remainder when 15099 is divided by 300.
99
Calculate the remainder when 10038 is divided by 1939.
343
Calculate the remainder when 6796 is divided by 142.
122
What is the remainder when 6802 is divided by 760?
722
What is the remainder when 167948 is divided by 4939?
22
What is the remainder when 2621 is divided by 225?
146
Calculate the remainder when 1355 is divided by 128.
75
What is the remainder when 28434 is divided by 14207?
20
Calculate the remainder when 72829 is divided by 22.
9
What is the remainder when 691 is divided by 104?
67
What is the remainder when 39171 is divided by 106?
57
What is the remainder when 1598421 is divided by 62?
61
What is the remainder when 1460 is divided by 43?
41
What is the remainder when 1966 is divided by 448?
174
Calculate the remainder when 242418 is divided by 148.
142
What is the remainder when 45616 is divided by 20?
16
What is the remainder when 28339 is divided by 14139?
61
What is the remainder when 1469 is divided by 1374?
95
Calculate the remainder when 825 is divided by 408.
9
Calculate the remainder when 258784 is divided by 5.
4
Calculate the remainder when 131751 is divided by 2.
1
Calculate the remainder when 154791 is divided by 435.
366
What is the remainder when 8626 is divided by 195?
46
What is the remainder when 2650 is divided by 58?
40
Calculate the remainder when 71277 is divided by 132.
129
What is the remainder when 6935347 is divided by 12?
7
Calculate the remainder when 11001242 is divided by 271.
268
What is the remainder when 31916 is divided by 4?
0
What is the remainder when 12589 is divided by 53?
28
What is the remainder when 636081 is divided by 1165?
1156
What is the remainder when 4373 is divided by 132?
17
Calculate the remainder when 634318 is divided by 720.
718
Calculate the remainder when 17871 is divided by 5953.
12
Calculate the remainder when 52766 is divided by 334.
328
Calculate the remainder when 13791 is divided by 1963.
50
Calculate the remainder when 5984 is divided by 5931.
53
Calculate the remainder when 333265 is divided by 111078.
31
What is the remainder when 3729 is divided by 532?
5
What is the remainder when 286 is divided by 47?
4
What is the remainder when 661 is divided by 395?
266
What is the remainder when 9139 is divided by 575?
514
Calculate the remainder when 2647 is divided by 266.
253
Calculate the remainder when 54992 is divided by 4999.
3
What is the remainder when 34558 is divided by 6?
4
Calculate the remainder when 320730 is divided by 106909.
3
Calculate the remainder when 3929 is divided by 61.
25
Calculate the remainder when 168376 is divided by 38.
36
What is the remainder when 140214 is divided by 60?
54
What is the remainder when 5638 is divided by 40?
38
What is the remainder when 86888 is divided by 9?
2
What is the remainder when 6842 is divided by 30?
2
What is the remainder when 17627 is divided by 4402?
19
Calculate the remainder when 692 is divided by 56.
20
What is the remainder when 12589 is divided by 12287?
302
Calculate the remainder when 3308 is divided by 25.
8
Calculate the remainder when 1506 is divided by 207.
57
Calculate the remainder when 569 is divided by 226.
117
Calculate the remainder when 11297 is divided by 103.
70
What is the remainder when 145278 is divided by 237?
234
Calculate the remainder when 35622 is divided by 407.
213
Calculate the remainder when 15789 is divided by 7890.
9
What is the remainder when 294610 is divided by 6?
4
What is the remainder when 2555 is divided by 2495?
60
Calculate the remainder when 11274 is divided by 127.
98
What is the remainder when 2727 is divided by 151?
9
What is the remainder when 22565 is divided by 981?
2
Calculate the remainder when 23023 is divided by 22833.
190
Calculate the remainder when 44286 is divided by 6323.
25
What is the remainder when 274007 is divided by 10?
7
What is the remainder when 805077 is divided by 61?
60
Calculate the remainder when 7874 is divided by 1430.
724
What is the remainder when 581856 is divided by 59?
57
What is the remainder when 3116 is divided by 2359?
757
Calculate the remainder when 147108 is divided by 2829.
0
What is the remainder when 6309 is divided by 92?
53
What is the remainder when 48910 is divided by 48896?
14
What is the remainder when 23698 is divided by 37?
18
Calculate the remainder when 6819 is divided by 2272.
3
What is the remainder when 453071 is divided by 16?
15
Calculate the remainder when 103738 is divided by 195.
193
What is the remainder when 287212 is divided by 97?
92
Calculate the remainder when 14725 is divided by 10.
5
Calculate the remainder when 4295 is divided by 505.
255
What is the remainder when 234 is divided by 217?
17
What is the remainder when 2707 is divided by 818?
253
Calculate the remainder when 1167 is divided by 402.
363
What is the remainder when 13211 is divided by 1466?
17
Calculate the remainder when 28487 is divided by 9486.
29
Calculate the remainder when 32914 is divided by 25.
14
What is the remainder when 1174 is divided by 584?
6
Calculate the remainder when 9454 is divided by 561.
478
What is the remainder when 3678 is divided by 603?
60
Calculate the remainder when 36897 is divided by 9223.
5
Calculate the remainder when 80517 is divided by 20106.
93
What is the remainder when 558 is divided by 44?
30
Calculate the remainder when 21208 is divided by 7069.
1
Calculate the remainder when 34514 is divided by 1326.
38